{"id":2,"date":"2012-09-12T17:02:05","date_gmt":"2012-09-12T17:02:05","guid":{"rendered":"http:\/\/37.157.194.205\/pavelauzky\/?page_id=2"},"modified":"2022-06-09T05:50:58","modified_gmt":"2022-06-09T05:50:58","slug":"zkusebni-stranka","status":"publish","type":"page","link":"https:\/\/www.apmodels.cz\/","title":{"rendered":"Prodej RC model\u016f letadel"},"content":{"rendered":"<p style=\"text-align: justify;\">V\u00edtejte na na\u0161ich str\u00e1nk\u00e1ch!<\/p>\n<p style=\"text-align: justify;\">Jsme \u010desk\u00e1\u00a0rodinn\u00e1 firma, kter\u00e1 se specializuje na v\u00fdrobu RC model\u016f letadel, jejich prodej a tak\u00e9 prodej p\u0159\u00edslu\u0161enstv\u00ed do model\u016f, kter\u00e9 na\u0161e firma nab\u00edz\u00ed.<\/p>\n<p style=\"text-align: justify;\">Zab\u00fdv\u00e1me se zejm\u00e9na v\u00fdrobou maket historick\u00fdch kluz\u00e1k\u016f z obdob\u00ed 30. &#8211; 60. let 20. stolet\u00ed. V na\u0161em sortimentu nejdete p\u0159edev\u0161\u00edm n\u011bmeck\u00e9 konstrukce. Modely jsou do zna\u010dn\u00e9 m\u00edry kopi\u00ed sv\u00e9ho origin\u00e1ln\u00edho vzoru, a to jak vn\u011bj\u0161\u00edm vzhledem, tak i vnit\u0159n\u00ed konstrukc\u00ed k\u0159\u00eddel a kormidel.<\/p>\n<p style=\"text-align: justify;\">Dal\u0161\u00ed skupinou, na ni\u017e se na\u0161e firma zam\u011b\u0159uje, jsou modely kluz\u00e1k\u016f na elektro pohon. Tyto modely jsou na\u0161\u00edm\u00a0vlastn\u00edm n\u00e1vrhem. Jejich konstrukce je uzp\u016fsobena k termick\u00e9mu letu.<\/p>\n<p style=\"text-align: justify;\">Ve\u0161ker\u00e9 modely jsou stav\u011bny v men\u0161\u00edch s\u00e9ri\u00edch a je tedy mo\u017en\u00e9 model postavit na po\u017eadavek z\u00e1kazn\u00edka. Jinak zvolenou barevnou kombinaci nebo dovybaven\u00ed modelu je pro n\u00e1s nen\u00ed probl\u00e9m p\u0159izp\u016fsobit Va\u0161emu p\u0159\u00e1n\u00ed. Dodac\u00ed lh\u016fta modelu je asi jeden m\u011bs\u00edc.<\/p>\n<p style=\"text-align: justify;\">Na\u0161e modely jsou na trhu ji\u017e v\u00edce ne\u017e 10 let a za tu dobu si na\u0161ly mnoho spokojen\u00fdch u\u017eivatel\u016f.<\/p>\n<p style=\"text-align: justify;\">V\u0161echny ceny uveden\u00e9 na t\u011bchto str\u00e1nk\u00e1ch jsou v\u010detn\u011b DPH.<\/p>\n<p style=\"text-align: center;\"><span style=\"color: #ffffff;\">&#8211;<\/span><\/p>\n<p>\u00a0<\/p>\n<h6 style=\"text-align: center;\"><img loading=\"lazy\" class=\"aligncenter  wp-image-104\" title=\"Minimoa\" src=\"http:\/\/www.apmodels.cz\/wp-content\/uploads\/2012\/09\/Minimoa.jpg\" alt=\"\" width=\"600\" height=\"400\" \/><\/h6>\n\n\n<p>Upozorn\u011bn\u00ed v\u00fdrobce: V\u0161echny v\u00fdrobky jsou ur\u010deny pro zku\u0161en\u00e9 model\u00e1\u0159e. V\u00fdrobce nenese \u017e\u00e1dnou odpov\u011bdnost za nespr\u00e1vn\u00e9 pracovn\u00ed postupy p\u0159i dokon\u010den\u00ed Tak\u00e9 p\u0159i nespr\u00e1vn\u00e9m u\u017eit\u00ed v\u00fdrobku a takt\u00e9\u017e p\u0159i nespr\u00e1vn\u00e9m ulo\u017een\u00ed \u010di um\u00edst\u011bn\u00ed v nevhodn\u00fdch podm\u00ednk\u00e1ch . <\/p>\n","protected":false},"excerpt":{"rendered":"<p>V\u00edtejte na na\u0161ich str\u00e1nk\u00e1ch!<br \/>\nJsme \u010desk\u00e1\u00a0rodinn\u00e1 firma, kter\u00e1 se specializuje na v\u00fdrobu RC model\u016f letadel, jejich prodej a tak\u00e9 prodej p\u0159\u00edslu\u0161enstv\u00ed do model\u016f, kter\u00e9 na\u0161e firma nab\u00edz\u00ed.<br \/>\nZab\u00fdv\u00e1me se zejm\u00e9na v\u00fdrobou maket historick\u00fdch kluz\u00e1k\u016f z obdob\u00ed 30. &#8211; 60. let 20. stolet\u00ed. V na\u0161em sortimentu  [&#8230;]<\/p>\n","protected":false},"author":1,"featured_media":0,"parent":0,"menu_order":0,"comment_status":"closed","ping_status":"closed","template":"","meta":[],"_links":{"self":[{"href":"https:\/\/www.apmodels.cz\/index.php?rest_route=\/wp\/v2\/pages\/2"}],"collection":[{"href":"https:\/\/www.apmodels.cz\/index.php?rest_route=\/wp\/v2\/pages"}],"about":[{"href":"https:\/\/www.apmodels.cz\/index.php?rest_route=\/wp\/v2\/types\/page"}],"author":[{"embeddable":true,"href":"https:\/\/www.apmodels.cz\/index.php?rest_route=\/wp\/v2\/users\/1"}],"replies":[{"embeddable":true,"href":"https:\/\/www.apmodels.cz\/index.php?rest_route=%2Fwp%2Fv2%2Fcomments&post=2"}],"version-history":[{"count":22,"href":"https:\/\/www.apmodels.cz\/index.php?rest_route=\/wp\/v2\/pages\/2\/revisions"}],"predecessor-version":[{"id":1202,"href":"https:\/\/www.apmodels.cz\/index.php?rest_route=\/wp\/v2\/pages\/2\/revisions\/1202"}],"wp:attachment":[{"href":"https:\/\/www.apmodels.cz\/index.php?rest_route=%2Fwp%2Fv2%2Fmedia&parent=2"}],"curies":[{"name":"wp","href":"https:\/\/api.w.org\/{rel}","templated":true}]}}